 is v(7)?
-28
Let z(m) = -m**2 + 6*m + 15. What is z(-2)?
-1
Let d(j) = j**3 - 10*j**2 - 2*j + 3. Determine d(10).
-17
Let x(i) = -4*i + 63. What is x(18)?
-9
Let w(h) = 14*h - 207. Determine w(14).
-11
Let f(j) = -23*j + 61. Calculate f(5).
-54
Let d(x) = -x**3 - 8*x**2 - 5*x + 29. Give d(-6).
-13
Let p(u) = -u + 33. What is p(-14)?
47
Let c(v) = v**2 + 40*v + 10. Determine c(-40).
10
Let i(u) = u**2 - 2*u - 5. Give i(6).
19
Let j(o) = o**2 + 4*o - 11. What is j(-7)?
10
Let k(g) = 3*g**2 + 33*g - 67. Give k(-13).
11
Let s(d) = -122*d - 102. What is s(-1)?
20
Let u(g) = g**2 + 7*g - 5. What is u(-9)?
13
Let o(s) = -s**3 - s**2 - s + 80. Determine o(0).
80
Let l(g) = g - 29. What is l(10)?
-19
Let q(y) = -6*y - 19. Determine q(-3).
-1
Let i(k) = -2*k**2 + 6*k + 7. What is i(4)?
-1
Let v(n) = n**3 + 2*n**2 + 5*n + 3. Calculate v(-3).
-21
Let r(k) = -k**3 - 6*k**2 + 9*k + 7. Calculate r(-7).
-7
Let n(u) = u**2 - 17*u + 27. Calculate n(15).
-3
Let m(w) = -2*w**3 - 10*w**2 + 14*w + 15. Give m(-6).
3
Let z(p) = -2*p**3 + 11*p**2 + 11*p - 14. Determine z(6).
16
Let i(d) = -9*d - 5. What is i(-5)?
40
Let l(g) = g**2 - 6*g + 1. Give l(6).
1
Let r(x) = -x**2 - 9*x + 24. Calculate r(-11).
2
Let f(m) = 2*m - 34. Determine f(7).
-20
Let v(o) = -5*o - 33. Give v(-16).
47
Let h(g) = -13*g**2 + g. Give h(1).
-12
Let r(z) = z**2 - 11*z + 8. Give r(12).
20
Let n(c) = -10*c**2 + 10. Determine n(4).
-150
Let f(t) = t**2 + t. Determine f(-3).
6
Let k(f) = f**2 + 4*f - 8. Determine k(-6).
4
Let r(j) = -j**2 - 2*j - 2. Give r(-1).
-1
Let g(h) = 17*h + 166. Give g(-10).
-4
Let r(k) = -k + 1. What is r(-2)?
3
Let s(r) = -6*r. Calculate s(-1).
6
Let s(p) = -7*p**2 + 35*p - 15. Give s(4).
13
Let v(o) = 4*o + 5. Calculate v(-2).
-3
Let y(a) = -8*a - 6. Calculate y(-5).
34
Let t(d) = -d**3 + 10*d**2 + 22*d - 25. Determine t(11).
96
Let x(d) = 2*d**2 - 3*d - 5. What is x(5)?
30
Let j(d) = 7*d + 95. Give j(-13).
4
Let f(r) = r**3 + 8*r**2 - 6*r - 17. Give f(-9).
-44
Let o(b) = -b**2 + 14*b - 5. Give o(0).
-5
Let x(d) = 3*d**2 - 7*d + 2. Calculate x(6).
68
Let w(m) = -m - 1. Give w(-7).
6
Let z(c) = c**3 - c**2 - 2*c + 6. Determine z(3).
18
Let y(d) = -7*d**3 - 2*d**2 - 5*d - 7. Give y(-2).
51
Let k(b) = 4*b**3 - b**2 + b - 1. Calculate k(1).
3
Let u(i) = i**3 - 2*i**2 + 4*i - 1. Calculate u(3).
20
Let k(c) = -13*c - 387. Give k(-30).
3
Let v(f) = -2*f - 14. Calculate v(-12).
10
Let p(t) = -4*t**2 - 2*t - 12. Give p(0).
-12
Let k(p) = -11*p - 112. Calculate k(-11).
9
Let i(q) = -4*q + 10. What is i(4)?
-6
Let u(h) = h**2 + 24*h + 54. Calculate u(-22).
10
Let v(m) = -m**2 - 10*m + 203. Calculate v(-20).
3
Let x(f) = -f**2 + 16*f + 51. Give x(19).
-6
Let p(m) = -m + 2. Calculate p(5).
-3
Let y(z) = -26*z**3 - 2*z**2 - 3*z - 2. Determine y(-1).
25
Let g(u) = -4*u - 3. Calculate g(-2).
5
Let d(v) = -2*v**2 - 15*v - 22. Give d(-6).
-4
Let j(v) = -2*v - 14. Give j(-4).
-6
Let c(d) = 2*d**2 - 3*d + 2. Determine c(1).
1
Let i(b) = -8*b**3 - b**2 + b. Give i(1).
-8
Let n(h) = -2*h**2 - 8*h + 10. Determine n(5).
-80
Let v(b) = -5*b**3 - 3*b**2 - 3*b - 1. What is v(-1)?
4
Let r(d) = -d**3 - 6*d**2 + 7*d + 4. What is r(-8)?
76
Let b(x) = -x**3 - 7*x**2 - 10*x - 8. Give b(-6).
16
Let j(v) = 34*v - 31. Give j(1).
3
Let b(x) = -7*x - 23. Determine b(5).
-58
Let q(w) = w**2 - 12*w + 1. Calculate q(12).
1
Let h(w) = 4*w + 7. Calculate h(-4).
-9
Let c(y) = 56*y + 213. What is c(-4)?
-11
Let u(d) = d**3 - 27*d**2 - 29*d + 22. Give u(28).
-6
Let c(u) = u**3 - 6*u**2 + 24*u - 96. Give c(5).
-1
Let n(k) = -k - 7. Determine n(-7).
0
Let i(c) = -c**3 + 12*c**2 - 8*c - 22. Give i(11).
11
Let l(y) = -y**3 - 4*y**2 - y + 1. What is l(-3)?
-5
Let q(u) = -5*u + 1. What is q(-2)?
11
Let u(m) = -m**2 + 42*m - 158. Determine u(4).
-6
Let o(h) = 13*h - 4. What is o(4)?
48
Let n(l) = l**2 - 9*l + 5. Calculate n(5).
-15
Let j(g) = -4*g + 3. Determine j(4).
-13
Let x(m) = -m**3 + 8*m**2 - 14*m + 5. What is x(6)?
-7
Let f(r) = -3*r**2 + 32*r - 15. Give f(10).
5
Let y(t) = t + 11. Determine y(-8).
3
Let c(h) = -8*h**2 + 3*h - 7. Determine c(2).
-33
Let g(m) = -m + 1. What is g(10)?
-9
Let d(h) = -6*h + 5. What is d(4)?
-19
Let h(s) = s**3 + 1. Determine h(-2).
-7
Let k(y) = -y + 8. Give k(-6).
14
Let k(d) = 14*d + 8. What is k(1)?
22
Let d(n) = 4*n**2 + 48*n + 13. Calculate d(-12).
13
Let o(m) = m**3 - 3*m**2 + 7*m - 7. Calculate o(1).
-2
Let x(t) = -2*t**2 - 26*t + 134. What is x(-17)?
-2
Let l(n) = -9*n - 20. What is l(-7)?
43
Let b(s) = -5*s**2 - 3*s - 3. Calculate b(-2).
-17
Let w(s) = -67*s - 544. Determine w(-8).
-8
Let p(k) = -3*k + 2. Determine p(-17).
53
Let x(r) = -r**2 + 15*r - 4. What is x(12)?
32
Let u(x) = 13*x + 12. Give u(-4).
-40
Let d(z) = -6*z + 316. Give d(47).
34
Let d(y) = 2*y**3 + 11*y**2 + 6*y + 22. What is d(-5)?
17
Let p(k) = -k**2 - 25*k - 43. What is p(-23)?
3
Let l(x) = -x**3 + 11*x**2 + 8*x + 9. Determine l(11).
97
Let j(y) = 6*y**2 + 77*y - 25. Give j(-13).
-12
Let u(a) = a**3 + 15*a**2 + 18*a - 23. What is u(-13)?
81
Let q(y) = 8*y. What is q(12)?
96
Let w(j) = -j**3 - 4*j**2 + 11*j - 12. What is w(-6)?
-6
Let b(p) = p + 4. Determine b(0).
4
Let x(n) = 30*n + 381. What is x(-13)?
-9
Let d(a) = -a + 28. Give d(12).
16
Let i(d) = -d**3 - 20*d**2 - 25*d - 58. Determine i(-19).
56
Let u(q) = -q**3 + 6*q**2 - 7. What is u(6)?
-7
Let n(s) = s - 19. Calculate n(9).
-10
Let r(u) = -21*u + 83. What is r(9)?
-106
Let w(c) = c**3 + 10*c**2 + 5*c - 48. What is w(-9)?
-12
Let u(x) = -89*x - 264. Calculate u(-3).
3
Let i(n) = n**3 + 31*n**2 + 34*n + 129. Determine i(-30).
9
Let r(x) = 3*x - 3. What is r(5)?
12
Let k(h) = h**2 + 13*h + 5. What is k(-7)?
-37
Let f(o) = -o + 6. What is f(7)?
-1
Let h(q) = q**3 + 3*q**2 - q - 2. Determine h(-3).
1
Let a(d) = 5*d - 9. Calculate a(4).
11
Let g(y) = -2*y - 9. Give g(-8).
7
Let w(f) = -5*f - 17. Determine w(-10).
33
Let i(s) = 36*s + 4. Determine i(-1).
-32
Let q(y) = 7*y**2 - 7*y - 5. What is q(4)?
79
Let i(k) = -24*k + 51. Give i(2).
3
Let f(x) = 32*x**3 - 2*x**2 + 2*x + 3. What is f(-1)?
-33
Let x(p) = -6*p - 79. Determine x(-14).
5
Let g(k) = -4*k - 103. What is g(-24)?
-7
Let q(p) = -p**3 - 18*p**2 - 18*p - 22. What is q(-17)?
-5
Let l(x) = -x**2 - 3*x + 5. What is l(-5)?
-5
Let t(r) = -5*r**2 + 2*r - 3. What is t(1)?
-6
Let j(z) = -z**2 + 9*z + 1. Determine j(7).
15
Let i(w) = -2*w**3 - 15*w**2 - 20*w - 94. What is i(-7)?
-3
Let v(x) = 3*x - 20. Determine v(6).
-2
Let v(k) = k**2 + k - 12. Give v(8).
60
Let p(n) = 3*n - 6. Give p(-4).
-18
Let x(s) = s**3 - 9*s**2 - s + 9. Determine x(9).
0
Let y(r) = 3*r**2 - 24*r - 11. What is y(8)?
-11
Let w(b) = b**3 + 16*b**2 - 56*b + 23. What is w(-19)?
4
Let q(k) = -6*k + 59. Calculate q(-20).
179
Let y(f) = -12*f**3 + 59*f**2 + 3*f + 6. Give y(5).
-4
Let r(m) = m - 4. What is r(-5)?
-9
Let m(h) = h + 25. Determine m(-16).
9
Let r(f) = 2*f**2 + 23. Give r(-7).
121
Let f(r) = -5*r - 128. Determine f(-36).
52
Let w(l) = 8*l**2 + 2*l + 2. What is w(-1)?
8
Let d(m) = 7*m**2 + 2*m. Calculate d(-1).
5
Let l(h) = 3*h - 45. What is l(16)?
3
Let p(o) = 20*o - 4. Give p(-2).
-44
Let p(k) = -39*k - 514. Determine p(-13).
-7
Let r(m) = 3*m - 3. Determine r(-4).
-15
Let m(a) = a**2 + 4*a - 214. Determine m(-17).
7
Let w(g) = g**2 - 20*g + 11. What is w(19)?
-8
Let w(v) = -v**2 + v - 2. What is w(0)?
-2
Let f(j) = j - 8. Calculate f(10).
2
Let a(b) = -b**3 + 8*b**2 - 11*b + 22. What is a(6)?
28
Let m(u) = -u**3 + 6*u**2 - 5*u + 6. Calculate m(4).
18
Let a(b) = 6*b**2 + 8*b + 10. Determine a(-6).
178
Let a(u) = u - 11. Give a(0).
-11
Let g(r) = -6*r + 3. Give g(4).
-21
Let c(g) = -3*g. Determine c(1).
-3
Let t(k) = 11*k + 129. What is t(-16)?
-47
Let n(k) = 2*k**2 - 2*k - 2. Determine n(5).
38
Let k(g) = -3*g**3 + 26*g**2 + 8*g + 8. Give k(9).
-1
Let r(t) = t**3 + 6*t**2 + t + 3. Determine r(-6).
-3
Let r(z) = z + 3. Determine r(-9).
-6
Let m(i) = -i**3 + i**2 - 25*i - 26. Calculate m(-1).
1
Let j(w) = 15*w + 59. Give j(-2).
29
Let s(o) = o**2 + 10*o + 9. Calculate s(-9).
0
Let s(c) = -6*c - 38. Calculate s(-6).
-2
Let g(a) = -2*a**3 - 104*a**2 + 105*a - 38. Give g(-53).
15
Let x(u) = -u**3 + 28*u**2 - 26*u - 33. Give x(27).
-6
Let q(v) = -v**3 + 14*v**2 - 6*v - 101. Calculate q(13).
-10
Let a(b) = -2*b**3 + 22*b**2 